ine p(-88).
1
Let p(b) = -15*b**3 - 1163*b**2 - 5443*b - 8. Calculate p(-5).
7
Let d(f) = 43*f**2 - 213*f + 2. What is d(-2)?
600
Let d(p) = -18*p**2 + 404*p - 2248. Give d(13).
-38
Let a(r) = 1531*r + 574036. What is a(-375)?
-89
Let s(a) = -a**3 - 75*a**2 - 686*a - 827. What is s(-9)?
1
Let p(n) = 4*n**2 - 235*n - 2691. Give p(76).
2553
Let z(a) = 19*a**3 - 621*a**2 - 84*a - 118. What is z(33)?
3644
Let i(r) = r**3 - 35*r**2 + 23*r + 1302. Give i(33).
-117
Let x(q) = 2*q**2 - 144*q + 2710. Determine x(23).
456
Let p(y) = y**3 - 8*y**2 - 103*y + 1021. What is p(11)?
251
Let g(t) = -t**2 - 10*t + 9804. Give g(83).
2085
Let y(v) = 22*v**2 + 1165*v + 2206. Determine y(-51).
13
Let x(h) = -9169*h - 55014. Calculate x(-6).
0
Let d(j) = 8*j**2 - 736*j + 295. Determine d(93).
1039
Let c(v) = 672*v**2 + 3653*v - 7297. Determine c(2).
2697
Let k(x) = x**2 + 277*x - 40138. What is k(105)?
-28
Let n(s) = 436*s + 145. What is n(0)?
145
Let a(c) = 5282*c + 3834726. Determine a(-726).
-6
Let a(p) = -2130*p + 347026. What is a(163)?
-164
Let a(v) = v**2 + 50880*v + 864713. What is a(-17)?
42
Let q(u) = -1476340*u - 3. Determine q(0).
-3
Let c(h) = -14*h**2 + 100*h + 2733. What is c(18)?
-3
Let j(i) = i**3 - 213*i**2 - 75939*i + 7377. What is j(-189)?
6
Let f(d) = -4625*d - 18405. Calculate f(-4).
95
Let w(i) = 3047*i - 1142. Give w(0).
-1142
Let m(r) = 48*r**2 + 6335*r - 291. Calculate m(-132).
-159
Let y(w) = -8*w**2 + 429*w + 15997. Calculate y(79).
-40
Let s(z) = -78*z**2 - 63*z + 143. Calculate s(6).
-3043
Let u(h) = 17589*h + 87789. Determine u(-5).
-156
Let m(r) = -171*r - 50427. Calculate m(-295).
18
Let l(w) = 282339*w + 564685. Give l(-2).
7
Let o(n) = -7191*n - 2610284. Determine o(-363).
49
Let z(w) = -2*w**3 - 330*w**2 + 10817*w - 156. What is z(28)?
96
Let s(p) = -14*p**2 + 15*p + 20. What is s(-3)?
-151
Let w(o) = -220*o + 6731. Determine w(29).
351
Let h(f) = f**3 + 21*f**2 - 1153*f - 18441. Calculate h(-15).
204
Let u(g) = -20*g**3 - 402*g**2 + 37*g + 1551. Give u(-20).
11
Let t(w) = 71497*w + 142997. What is t(-2)?
3
Let p(m) = -1248*m - 43846. Calculate p(-35).
-166
Let y(h) = -h**3 - 628*h**2 - 88*h + 728663. What is y(-626)?
-1
Let l(c) = -1889*c + 483587. What is l(256)?
3
Let d(m) = 3*m**2 - 201063*m - 804303. What is d(-4)?
-3
Let z(n) = -4*n**3 + 788*n**2 + 7417*n - 151. Give z(206).
55
Let l(h) = 6383148*h + 38298891. What is l(-6)?
3
Let h(g) = -47*g**2 + 140*g - 50. Calculate h(1).
43
Let x(l) = -89*l - 32731. Determine x(-368).
21
Let v(d) = d**3 - 116*d**2 + 391*d - 5923. What is v(113)?
-47
Let u(s) = 3758*s + 11272. Calculate u(-3).
-2
Let g(w) = w**3 - 10*w**2 - 18*w + 155. Calculate g(7).
-118
Let f(x) = -25193*x + 151541. Determine f(6).
383
Let a(p) = 34*p**2 + 12523*p - 63445. Give a(5).
20
Let w(c) = c**3 - 488*c**2 + 1109*c - 66582. Determine w(486).
0
Let h(k) = -111*k**3 - k**2 + 60*k + 122. Determine h(-2).
886
Let q(i) = -9100*i - 36377. What is q(-4)?
23
Let q(l) = -195*l**2 + 132790*l + 3406. Determine q(681).
1
Let o(l) = -l**3 - 34*l**2 - 284*l - 331. What is o(-11)?
10
Let f(o) = -10548*o - 49269. Determine f(-5).
3471
Let b(w) = -59*w**2 - 7432*w + 285. Determine b(-126).
33
Let v(p) = -2*p**3 + 343*p**2 + 6202*p + 382. Give v(188).
6
Let w(t) = -32794*t - 8132912. Give w(-248).
0
Let i(n) = 6170*n - 327007. What is i(53)?
3
Let a(k) = -227*k - 10884. What is a(-57)?
2055
Let g(j) = -j**3 + 27*j**2 - 9*j - 1672. Determine g(23).
237
Let g(s) = -22*s**2 + 2240*s - 1871. Give g(101).
-53
Let h(x) = x**3 - 125*x**2 + 148*x - 3236. Give h(124).
-260
Let b(w) = 8*w**3 - 1798*w**2 - 2264*w + 903. Calculate b(226).
-1
Let j(m) = -10*m**2 - 88*m - 128. Give j(-3).
46
Let z(o) = -8*o**2 - 427*o + 34. What is z(-56)?
-1142
Let x(b) = -7*b**2 - 266*b - 163. Calculate x(-43).
-1668
Let t(o) = -35*o - 4189. What is t(-121)?
46
Let i(q) = -27*q**3 + 4701*q**2 - 499*q - 3934. Calculate i(174).
68
Let s(c) = -c**3 - 9*c**2 + 42*c - 192. Calculate s(-17).
1406
Let m(x) = -2*x**3 + 76*x**2 - 103*x + 1055. Calculate m(37).
-18
Let r(m) = 4*m**3 - 57*m**2 + 118*m + 12. Calculate r(12).
132
Let b(k) = -48713*k - 146099. What is b(-3)?
40
Let l(i) = -2148*i + 5142313. What is l(2394)?
1
Let d(j) = -3*j**3 + 19*j**2 - 28*j + 145. Give d(6).
13
Let o(t) = -7362*t - 51794. Determine o(-7).
-260
Let f(a) = -690*a - 9479. Determine f(-14).
181
Let w(a) = -a**3 + 66*a**2 - 216*a + 1305. Give w(63).
-396
Let r(q) = -821*q**2 - 152*q - 108. Calculate r(-1).
-777
Let o(c) = 9*c**3 - 23*c**2 - 25*c + 38. Determine o(3).
-1
Let o(x) = x**2 - 4116*x - 2877545. What is o(-609)?
-20
Let w(d) = -3*d**3 - 57*d**2 - 46*d + 1560. Determine w(-16).
-8
Let v(j) = -j**3 + 34*j**2 - 256*j - 412. Give v(17).
149
Let l(g) = 15*g**3 + 1784*g**2 - 112*g + 843. Calculate l(-119).
10
Let t(o) = 14*o**2 - 59*o - 2906. Calculate t(-13).
227
Let f(h) = -308*h + 95086. What is f(309)?
-86
Let r(k) = -k**2 - 309*k + 9394. Determine r(29).
-408
Let z(q) = 2*q**2 + 3587*q - 210950. Determine z(57).
7
Let u(s) = -683422*s - 5467383. Give u(-8).
-7
Let i(c) = -2314*c**2 - 39296*c + 10. Calculate i(-17).
-704
Let f(n) = 4*n**2 - 137*n + 81. What is f(0)?
81
Let g(h) = 16*h**2 + 64*h - 320. What is g(3)?
16
Let k(l) = 77*l**2 + 41963*l - 1090. Calculate k(-545).
0
Let w(s) = 2*s**3 - 59*s**2 + 352*s + 184. What is w(21)?
79
Let q(d) = -16*d**2 - 1121*d - 5641. Determine q(-5).
-436
Let l(x) = -3*x**3 + 22*x**2 - 176*x - 451. Give l(-2).
13
Let c(h) = -205*h - 1210. Give c(-8).
430
Let g(b) = -64439*b - 64442. Determine g(-1).
-3
Let b(g) = -16*g**2 - 197*g - 56. Determine b(-11).
175
Let q(r) = -3*r**3 - 26*r**2 + 48*r + 544. What is q(-7)?
-37
Let l(f) = 1221*f - 535900. Determine l(439).
119
Let t(c) = -68*c**2 + 799*c + 22. Determine t(9).
1705
Let t(w) = -12952*w + 193761. What is t(15)?
-519
Let u(m) = -5*m**3 - 2*m**2 - 105*m + 519. Determine u(4).
-253
Let m(q) = -12*q**2 + 894*q - 650. Give m(74).
-206
Let m(q) = -5*q**3 + 154*q**2 - 249*q - 383. What is m(29)?
-35
Let s(o) = -2*o**3 - 4029*o**2 - 87668*o + 81. What is s(-22)?
37
Let z(s) = -1101*s - 5073. Give z(-3).
-1770
Let c(y) = -1693*y + 221750. What is c(131)?
-33
Let z(t) = 1705881*t + 11941168. Give z(-7).
1
Let g(k) = 3*k**2 + 188*k + 331. Calculate g(-64).
587
Let k(t) = 5172*t - 378123. Give k(73).
-567
Let v(q) = 2*q**3 + 8*q**2 + 174*q + 1167. Determine v(-6).
-21
Let g(u) = -u**3 - 357*u**2 + 1480*u + 13000. Calculate g(-361).
4
Let d(p) = 745*p**2 - 4411*p - 19. What is d(6)?
335
Let n(a) = -a**2 + 7315*a - 813826. Give n(113).
0
Let b(x) = 6639*x - 65848. What is b(10)?
542
Let p(f) = 181*f**2 - 116*f + 502. Give p(5).
4447
Let v(s) = -158*s + 7796. Calculate v(45).
686
Let s(x) = 52224*x - 1410050. Give s(27).
-2
Let m(l) = 500*l - 12048. Determine m(17).
-3548
Let c(o) = -o**3 + 47*o**2 - 220*o + 5610. Calculate c(45).
-240
Let t(b) = 4*b**2 - 782*b + 5699. Calculate t(188).
59
Let y(l) = 18953*l + 1118238. Determine y(-59).
11
Let t(z) = z**3 - 15*z**2 + 28*z - 294. Calculate t(8).
-518
Let i(m) = 2*m**3 - 310*m**2 + 1508*m - 1192. Determine i(150).
8
Let r(s) = -72*s**3 - 174*s**2 - 167*s + 7. Give r(-1).
72
Let l(o) = o**3 + 68*o**2 + 49*o - 21. Determine l(-67).
1185
Let g(i) = -i**3 - 4*i**2 - 184164*i - 552473. Determine g(-3).
10
Let s(b) = 2340*b + 39957. Calculate s(-17).
177
Let d(k) = -k**3 + 430*k**2 - 6528*k - 1558. Give d(16).
-22
Let d(u) = 7946*u - 45455. What is d(6)?
2221
Let o(t) = -4*t**2 + 210*t - 2666. What is o(15)?
-416
Let c(k) = 2*k**2 + 14706*k - 29427. Give c(2).
-7
Let t(q) = 7*q**2 - 77*q + 272. Calculate t(4).
76
Let n(o) = -58*o**2 + 626*o + 700. Determine n(-1).
16
Let i(j) = -52*j**3 + 1559*j**2 - 74*j + 3105. Give i(30).
-15
Let u(c) = 960*c + 27854. What is u(-29)?
14
Let v(g) = -507*g**2 + 3807*g - 7. What is v(7)?
1799
Let q(w) = -3*w**2 - 7538*w + 1777014. Determine q(217).
1
Let m(r) = 173*r + 11087. Calculate m(-64).
15
Let j(o) = 370*o + 19283. What is j(-46)?
2263
Let p(z) = 6*z**3 - 54713*z**2 - 602570*z - 14. Determine p(-11).
-3
Let z(p) = -p**2 - 220*p - 1192. Determine z(-5).
-117
Let t(o) = -o**3 - 836*o**2 + 12784*o - 283. What is t(15)?
2
Let o(y) = -19366*y + 16712861. What is o(863)?
3
Let k(u) = 105*u**3 + 2*u + 2. Determine k(2).
846